{"id":268,"date":"2017-09-26T20:29:38","date_gmt":"2017-09-26T19:29:38","guid":{"rendered":"http:\/\/judo-spay.fr\/?page_id=268"},"modified":"2021-08-26T20:59:35","modified_gmt":"2021-08-26T19:59:35","slug":"option-de-paiement","status":"publish","type":"page","link":"http:\/\/judo-spay.fr\/?page_id=268","title":{"rendered":"Option de paiement"},"content":{"rendered":"<p><strong>Modalit\u00e9s de r\u00e8glement :<\/strong><\/p>\n<blockquote><p>Le Judo Club de Spay accepte les modes de r\u00e8glement suivants :<\/p>\n<ul>\n<li>Les ch\u00e8ques bancaires<\/li>\n<li>Les esp\u00e8ces<\/li>\n<li>Les ch\u00e8ques-vacances et coupons sport ANCV<\/li>\n<li>Les Passeports Loisirs de la CAF de la Sarthe<\/li>\n<li>Les \u00ab ch\u00e8ques Coll\u00e8ges 72 \u00bb (\u00e9l\u00e8ves en classe de 3\u00e8me).<\/li>\n<li>Les Pass culture sport (\u00e9l\u00e8ves au lyc\u00e9e)<\/li>\n<li>le Pass Sport<\/li>\n<\/ul>\n<p>Sur simple demande, un certificat de r\u00e8glement de cotisation peut \u00eatre fourni par le Tr\u00e9sorier.<\/p><\/blockquote>\n","protected":false},"excerpt":{"rendered":"<p>Modalit\u00e9s de r\u00e8glement : Le Judo Club de Spay accepte les modes de r\u00e8glement suivants : Les ch\u00e8ques bancaires Les esp\u00e8ces Les ch\u00e8ques-vacances et coupons sport ANCV Les Passeports Loisirs de la CAF de la Sarthe Les \u00ab ch\u00e8ques Coll\u00e8ges 72 \u00bb (\u00e9l\u00e8ves en classe de 3\u00e8me). Les Pass culture sport (\u00e9l\u00e8ves au lyc\u00e9e) le &hellip; <\/p>\n<p class=\"link-more\"><a href=\"http:\/\/judo-spay.fr\/?page_id=268\" class=\"more-link\">Continuer la lecture<span class=\"screen-reader-text\"> de &laquo;&nbsp;Option de paiement&nbsp;&raquo;<\/span><\/a><\/p>\n","protected":false},"author":1,"featured_media":0,"parent":0,"menu_order":0,"comment_status":"closed","ping_status":"closed","template":"","meta":{"footnotes":""},"_links":{"self":[{"href":"http:\/\/judo-spay.fr\/index.php?rest_route=\/wp\/v2\/pages\/268"}],"collection":[{"href":"http:\/\/judo-spay.fr\/index.php?rest_route=\/wp\/v2\/pages"}],"about":[{"href":"http:\/\/judo-spay.fr\/index.php?rest_route=\/wp\/v2\/types\/page"}],"author":[{"embeddable":true,"href":"http:\/\/judo-spay.fr\/index.php?rest_route=\/wp\/v2\/users\/1"}],"replies":[{"embeddable":true,"href":"http:\/\/judo-spay.fr\/index.php?rest_route=%2Fwp%2Fv2%2Fcomments&post=268"}],"version-history":[{"count":2,"href":"http:\/\/judo-spay.fr\/index.php?rest_route=\/wp\/v2\/pages\/268\/revisions"}],"predecessor-version":[{"id":1004,"href":"http:\/\/judo-spay.fr\/index.php?rest_route=\/wp\/v2\/pages\/268\/revisions\/1004"}],"wp:attachment":[{"href":"http:\/\/judo-spay.fr\/index.php?rest_route=%2Fwp%2Fv2%2Fmedia&parent=268"}],"curies":[{"name":"wp","href":"https:\/\/api.w.org\/{rel}","templated":true}]}}