{"id":1282,"date":"2023-08-07T23:00:56","date_gmt":"2023-08-07T22:00:56","guid":{"rendered":"http:\/\/judo-spay.fr\/?page_id=1282"},"modified":"2025-09-01T21:02:27","modified_gmt":"2025-09-01T20:02:27","slug":"adhesion-ou-renouvellement-saison-2023-2024","status":"publish","type":"page","link":"https:\/\/judo-spay.fr\/?page_id=1282","title":{"rendered":"Adh\u00e9sion ou renouvellement [Saison 2025-2026]"},"content":{"rendered":"\n<p><strong>Formulaire d\u2019inscription SportsRegions&nbsp;<\/strong>: <a href=\"https:\/\/judo-club-de-spay.sportsregions.fr\/adhesion\/adhesion-au-club-21469\">Formulaire d&rsquo;inscription en ligne<\/a><a href=\"https:\/\/docs.google.com\/forms\/d\/e\/1FAIpQLScIWXuLVwtxv_GDMRLjB49VDIPnz8KEbADXUVz2YJqd-WC6bQ\/viewform\"> <\/a>!<\/p>\n\n\n\n<p>&nbsp;<strong>Cr\u00e9ation ou renouvellement de la licence sur le site de la FFJDA via ce lien&nbsp;: <\/strong><a href=\"https:\/\/www.ffjudo.com\/connexion\">https:\/\/www.ffjudo.com\/connexion<\/a><\/p>\n\n\n\n<p><strong>Certificat m\u00e9dical, adh\u00e9rent.e majeur.e:<\/strong><\/p>\n\n\n\n<p><em><strong>Vous devez fournir un certificat m\u00e9dical<\/strong> attestant de l&rsquo;absence de contre-indication \u00e0 la pratique du sport ou de la discipline concern\u00e9e&nbsp;(judo &#8211; Ta\u00efso &#8211; Sel-d\u00e9fense). Le certificat m\u00e9dical doit dater de moins d&rsquo;1 an au jour de la demande de la licence<\/em>.<\/p>\n\n\n\n<p><strong>Pour les majeurs licenci\u00e9s en 2023 \/ 2024<\/strong> et ayant un certificat m\u00e9dical de moins de 3 ans:<\/p>\n\n\n\n<div class=\"wp-block-file\"><a id=\"wp-block-file--media-1aded591-9887-4a4e-b5cb-045d85a46f36\" href=\"https:\/\/judo-spay.fr\/wp-content\/uploads\/2025\/08\/2025-Medical-Majeur-Questionnaire.pdf\">2025-Medical-Majeur-Questionnaire<\/a><a href=\"https:\/\/judo-spay.fr\/wp-content\/uploads\/2025\/08\/2025-Medical-Majeur-Questionnaire.pdf\" class=\"wp-block-file__button wp-element-button\" download aria-describedby=\"wp-block-file--media-1aded591-9887-4a4e-b5cb-045d85a46f36\">T\u00e9l\u00e9charger<\/a><\/div>\n\n\n\n<div class=\"wp-block-file\"><a id=\"wp-block-file--media-7fa696c7-3dcb-47b1-83a4-11f28b0ad8cc\" href=\"https:\/\/judo-spay.fr\/wp-content\/uploads\/2025\/08\/2025-Medical-Majeur-Attestation.pdf\">2025-Medical-Majeur-Attestation<\/a><a href=\"https:\/\/judo-spay.fr\/wp-content\/uploads\/2025\/08\/2025-Medical-Majeur-Attestation.pdf\" class=\"wp-block-file__button wp-element-button\" download aria-describedby=\"wp-block-file--media-7fa696c7-3dcb-47b1-83a4-11f28b0ad8cc\">T\u00e9l\u00e9charger<\/a><\/div>\n\n\n\n<div class=\"wp-block-file\"><a id=\"wp-block-file--media-140ea97a-8604-4509-85b0-1e6c05e1462f\" href=\"https:\/\/judo-spay.fr\/wp-content\/uploads\/2025\/08\/2025-Certificat-medical.pdf\">2025-Certificat-medical<\/a><a href=\"https:\/\/judo-spay.fr\/wp-content\/uploads\/2025\/08\/2025-Certificat-medical.pdf\" class=\"wp-block-file__button wp-element-button\" download aria-describedby=\"wp-block-file--media-140ea97a-8604-4509-85b0-1e6c05e1462f\">T\u00e9l\u00e9charger<\/a><\/div>\n\n\n\n<p><strong>Certificat m\u00e9dical, adh\u00e9rent.e mineur.e:<\/strong><\/p>\n\n\n\n<ul>\n<li>&nbsp;<em>Attestation sign\u00e9e pour ceux qui ont un certificat m\u00e9dical de moins de 3 ans suivant les r\u00e9ponses du questionnaire :<\/em><\/li>\n<\/ul>\n\n\n\n<div class=\"wp-block-file\"><a id=\"wp-block-file--media-0a6af850-0da7-4422-8f94-097bf289ea06\" href=\"https:\/\/judo-spay.fr\/wp-content\/uploads\/2025\/08\/2025-Medical-Mineur-Questionnaire.pdf\">2025-Medical-Mineur-Questionnaire<\/a><a href=\"https:\/\/judo-spay.fr\/wp-content\/uploads\/2025\/08\/2025-Medical-Mineur-Questionnaire.pdf\" class=\"wp-block-file__button wp-element-button\" download aria-describedby=\"wp-block-file--media-0a6af850-0da7-4422-8f94-097bf289ea06\">T\u00e9l\u00e9charger<\/a><\/div>\n\n\n\n<div class=\"wp-block-file\"><a id=\"wp-block-file--media-f1ca65f3-45a5-47de-8ae2-d671e194a31c\" href=\"https:\/\/judo-spay.fr\/wp-content\/uploads\/2025\/08\/2025-Medical-Mineur-Attestation.pdf\">2025-Medical-Mineur-Attestation<\/a><a href=\"https:\/\/judo-spay.fr\/wp-content\/uploads\/2025\/08\/2025-Medical-Mineur-Attestation.pdf\" class=\"wp-block-file__button wp-element-button\" download aria-describedby=\"wp-block-file--media-f1ca65f3-45a5-47de-8ae2-d671e194a31c\">T\u00e9l\u00e9charger<\/a><\/div>\n\n\n\n<div class=\"wp-block-file\"><a id=\"wp-block-file--media-366d3927-2d3d-42ae-9f94-bd9f381f0011\" href=\"http:\/\/judo-spay.fr\/wp-content\/uploads\/2025\/08\/2025-Certificat-medical.pdf\">2025-Certificat-medical<\/a><a href=\"http:\/\/judo-spay.fr\/wp-content\/uploads\/2025\/08\/2025-Certificat-medical.pdf\" class=\"wp-block-file__button wp-element-button\" download aria-describedby=\"wp-block-file--media-366d3927-2d3d-42ae-9f94-bd9f381f0011\">T\u00e9l\u00e9charger<\/a><\/div>\n\n\n\n<p><strong>MARCH Notice:<\/strong><\/p>\n\n\n\n<div class=\"wp-block-file\"><a id=\"wp-block-file--media-2a8cefd1-f80e-49a5-8ba7-810bae539b27\" href=\"https:\/\/judo-spay.fr\/wp-content\/uploads\/2025\/09\/March-Garantie-Assurance-Base-Optionnelle-Notice.pdf\">March-Garantie-Assurance-Base-Optionnelle-Notice<\/a><a href=\"https:\/\/judo-spay.fr\/wp-content\/uploads\/2025\/09\/March-Garantie-Assurance-Base-Optionnelle-Notice.pdf\" class=\"wp-block-file__button wp-element-button\" download aria-describedby=\"wp-block-file--media-2a8cefd1-f80e-49a5-8ba7-810bae539b27\">T\u00e9l\u00e9charger<\/a><\/div>\n\n\n\n<p><strong>MARCH R\u00e9sum\u00e9:<\/strong><\/p>\n\n\n\n<div class=\"wp-block-file\"><a id=\"wp-block-file--media-0523c5a7-74e1-4db4-ad17-ecb323117855\" href=\"https:\/\/judo-spay.fr\/wp-content\/uploads\/2025\/09\/March-Garantie-Assurance-Base-Optionnelle-Resume.pdf\">March-Garantie-Assurance-Base-Optionnelle-Resume<\/a><a href=\"https:\/\/judo-spay.fr\/wp-content\/uploads\/2025\/09\/March-Garantie-Assurance-Base-Optionnelle-Resume.pdf\" class=\"wp-block-file__button wp-element-button\" download aria-describedby=\"wp-block-file--media-0523c5a7-74e1-4db4-ad17-ecb323117855\">T\u00e9l\u00e9charger<\/a><\/div>\n\n\n\n<p><strong>Attestation pour r\u00e9cup\u00e9rer les enfants \u00e0 l&rsquo;\u00e9cole maternelle (Spay) pour les baby judo (\u00e9veil):<\/strong><\/p>\n\n\n\n<div class=\"wp-block-columns is-layout-flex wp-container-3 wp-block-columns-is-layout-flex\">\n<div class=\"wp-block-column is-layout-flow wp-block-column-is-layout-flow\" style=\"flex-basis:100%\">\n<div class=\"wp-block-group is-layout-flow wp-block-group-is-layout-flow\"><div class=\"wp-block-group__inner-container\">\n<div class=\"wp-block-file\"><a id=\"wp-block-file--media-d37ebbc3-5f18-4a10-a33b-1b501b21ccf6\" href=\"https:\/\/judo-spay.fr\/wp-content\/uploads\/2025\/08\/2025-Autorisation-parentale-pour-recuperer-enfant-a-la-periscolaire-de-SPAY.pdf\">2025-Autorisation-parentale-pour-recuperer-enfant-a-la-periscolaire-de-SPAY<\/a><a href=\"https:\/\/judo-spay.fr\/wp-content\/uploads\/2025\/08\/2025-Autorisation-parentale-pour-recuperer-enfant-a-la-periscolaire-de-SPAY.pdf\" class=\"wp-block-file__button wp-element-button\" download aria-describedby=\"wp-block-file--media-d37ebbc3-5f18-4a10-a33b-1b501b21ccf6\">T\u00e9l\u00e9charger<\/a><\/div>\n<\/div><\/div>\n<\/div>\n<\/div>\n\n\n\n<p><strong>Tarifs &amp; Modalit\u00e9s de paiement:<\/strong><\/p>\n\n\n\n<div class=\"wp-block-file\"><a id=\"wp-block-file--media-10ca27ca-1c60-4738-b16b-9ae6ae7891e9\" href=\"https:\/\/judo-spay.fr\/wp-content\/uploads\/2025\/08\/2025-Modalites-de-paiement.pdf\">2025-Modalites-de-paiement<\/a><a href=\"https:\/\/judo-spay.fr\/wp-content\/uploads\/2025\/08\/2025-Modalites-de-paiement.pdf\" class=\"wp-block-file__button wp-element-button\" download aria-describedby=\"wp-block-file--media-10ca27ca-1c60-4738-b16b-9ae6ae7891e9\">T\u00e9l\u00e9charger<\/a><\/div>\n\n\n\n<p><\/p>\n","protected":false},"excerpt":{"rendered":"<p>Formulaire d\u2019inscription SportsRegions&nbsp;: Formulaire d&rsquo;inscription en ligne ! &nbsp;Cr\u00e9ation ou renouvellement de la licence sur le site de la FFJDA via ce lien&nbsp;: https:\/\/www.ffjudo.com\/connexion Certificat m\u00e9dical, adh\u00e9rent.e majeur.e: Vous devez fournir un certificat m\u00e9dical attestant de l&rsquo;absence de contre-indication \u00e0 la pratique du sport ou de la discipline concern\u00e9e&nbsp;(judo &#8211; Ta\u00efso &#8211; Sel-d\u00e9fense). Le certificat &hellip; <\/p>\n<p class=\"link-more\"><a href=\"https:\/\/judo-spay.fr\/?page_id=1282\" class=\"more-link\">Continuer la lecture<span class=\"screen-reader-text\"> de &laquo;&nbsp;Adh\u00e9sion ou renouvellement [Saison 2025-2026]&nbsp;&raquo;<\/span><\/a><\/p>\n","protected":false},"author":1,"featured_media":0,"parent":0,"menu_order":0,"comment_status":"closed","ping_status":"closed","template":"","meta":{"footnotes":""},"_links":{"self":[{"href":"https:\/\/judo-spay.fr\/index.php?rest_route=\/wp\/v2\/pages\/1282"}],"collection":[{"href":"https:\/\/judo-spay.fr\/index.php?rest_route=\/wp\/v2\/pages"}],"about":[{"href":"https:\/\/judo-spay.fr\/index.php?rest_route=\/wp\/v2\/types\/page"}],"author":[{"embeddable":true,"href":"https:\/\/judo-spay.fr\/index.php?rest_route=\/wp\/v2\/users\/1"}],"replies":[{"embeddable":true,"href":"https:\/\/judo-spay.fr\/index.php?rest_route=%2Fwp%2Fv2%2Fcomments&post=1282"}],"version-history":[{"count":47,"href":"https:\/\/judo-spay.fr\/index.php?rest_route=\/wp\/v2\/pages\/1282\/revisions"}],"predecessor-version":[{"id":1450,"href":"https:\/\/judo-spay.fr\/index.php?rest_route=\/wp\/v2\/pages\/1282\/revisions\/1450"}],"wp:attachment":[{"href":"https:\/\/judo-spay.fr\/index.php?rest_route=%2Fwp%2Fv2%2Fmedia&parent=1282"}],"curies":[{"name":"wp","href":"https:\/\/api.w.org\/{rel}","templated":true}]}}